+ w + 9 = 0, 3*t = -w + 21. Let g(y) = 6*y**3 - 6*y**2 + 4*y - 16. List the prime factors of g(t).
2, 17
Let o = 5639 - -4101. What are the prime factors of o?
2, 5, 487
Let l = 5 - 2. Let s be (-2890)/26 - 500/(-3250). List the prime factors of 1/(l/(-12))*s/6.
2, 37
Let m be ((-3 + 0)*1)/(-1). Let t be (-48)/32*(-62)/m. Suppose -33*v + t*v = -162. List the prime factors of v.
3
Let c(j) = 2*j**3 + 22*j**2 - j - 1. Let f be c(-11). Let v be 1/f*4 - (-707)/(-5). Let x = v + 153. What are the prime factors of x?
2, 3
Suppose -18*u = -76711 - 32926 + 6335. List the prime factors of u.
3, 1913
Suppose -294 = 2*h - 8*h. Let l = -45 + h. List the prime factors of 154/l - 2/(-4).
3, 13
Let i = 768 - 1094. Let l = i + 384. What are the prime factors of l?
2, 29
Let n = -15294 - -30437. List the prime factors of n.
19, 797
Suppose 0 = 76*f - 283715 - 72801. What are the prime factors of f?
4691
Let s(d) = d**2 - 3*d - 522. What are the prime factors of s(87)?
2, 3, 13, 29
Let v(c) = -2*c**3 - 3*c**2 - 2. Let u be v(-2). Let j be u - 0/1*5/10. Suppose -4*k + 121 = -5*o, k + 3*k + j*o = 142. List the prime factors of k.
2, 17
Let d(p) = -6 + 4*p**2 - 10*p**2 - 5*p**2 - 4 - 24*p + 3*p**2 + p**3. List the prime factors of d(12).
2, 139
Let l(f) = 280*f - 1231. List the prime factors of l(21).
4649
Let w = 110 - 119. Let p(b) = -58*b - 29. List the prime factors of p(w).
17, 29
Let o = 1226 + -756. Let r = o + -244. List the prime factors of r.
2, 113
Let u be (0 + (-10)/(-30))*-357. Let s = 337 + u. What are the prime factors of s?
2, 109
Let p = -3090 + 8640. What are the prime factors of p?
2, 3, 5, 37
Let w(b) = 65*b**3 - 23*b**2 + 46*b - 2. List the prime factors of w(6).
2, 11, 613
Suppose -14*g = -18515 - 1156 - 58337. List the prime factors of g.
2, 7, 199
Let x(k) = -k - 11. Let b be x(-14). Suppose -5*i = 4*l - b*l + 54, -36 = 2*i + 4*l. What are the prime factors of (-1604)/i + (-6)/15?
2, 5
Suppose 3*a + 23 = 4*x, 0*x + 2*a = -4*x - 2. Let s be ((-11)/x - -4)*30. Let j = 52 - s. What are the prime factors of j?
97
Let j = -56579 - -99355. What are the prime factors of j?
2, 5347
Let b(k) = -821*k + 2430. What are the prime factors of b(-8)?
2, 11, 409
Let j(y) = -6*y**2 + 4*y**3 - 8*y - 4 + 0 + 2*y + 13*y. Let b(n) = -3*n**3 + 6*n**2 - 6*n + 3. Let s(u) = -5*b(u) - 4*j(u). What are the prime factors of s(-8)?
113
Let f(x) = -x - 5. Let r be f(-5). Suppose 5*o - 2*m + 0*m + 86 = r, -2*o = -2*m + 38. List the prime factors of ((-100)/o)/((-2)/(-24)).
3, 5
Suppose 0 = -4*n + 4*k - 0*k - 2252, -5*n - 2*k = 2850. Let q = n + 880. What are the prime factors of q?
2, 3, 13
Suppose 5*m - 8047 = -4*v, 4*m + 4028 = 2*v + 8*m. Suppose -491 = -7*w + v. What are the prime factors of w?
3, 7, 17
Suppose 4*r + 24 = 5*s - 4*s, 0 = -5*s + 5*r + 45. Suppose -3*j - 156 = -s*j. List the prime factors of j.
2, 3, 13
Suppose 0 = -l + 3, -141402 = 51*k - 56*k - 4*l. What are the prime factors of k?
2, 3, 1571
Suppose 4*f - 32 = -v, 160 = 2*v + 3*v - 4*f. Suppose v*w + 6 = 38*w. List the prime factors of ((-1)/w - 147/(-3)) + 4.
2, 13
Let a(p) = 2*p**2 + 38*p - 43. Let z be 1*30*((4 - 8) + 3). List the prime factors of a(z).
617
Suppose -7*d = -10*d + 930. Let a = d + -200. List the prime factors of a.
2, 5, 11
Let h be (4/10)/((-23)/(-230)). Suppose 9*k - 4*k = 5*d - 1085, -k = h*d - 888. What are the prime factors of d?
13, 17
Let p be (-392)/(-22) + (-8)/(-44). Let r be (-243)/(3 + 45/(-10)). List the prime factors of (-3)/(r/12) - (-400)/p.
2, 11
Let w(v) = -v + 8. Let q be 5/(-30) + (-862)/12 + 3. Let h = q + 75. What are the prime factors of w(h)?
2
Suppose 390*f - 275*f - 2363940 = 0. What are the prime factors of f?
2, 3, 571
Suppose 791*o - 868*o + 4252094 = 0. What are the prime factors of o?
2, 27611
Let g = 27 + -28. Let s be ((-2 - -2) + g)*-1. What are the prime factors of s*42/2 + 2?
23
Let g be -2 + 24/10 - 968/(-55). Suppose 5*f = 8*f + g. What are the prime factors of f/(-15) - 1076/(-10)?
2, 3
Let a(o) = o**3 - 21*o**2 + 3*o - 21. Let g be a(21). Let r = g + -42. Suppose -4*x + 568 = 3*h, -x + 5*x - h - 584 = r. List the prime factors of x.
5, 29
Suppose 1452*x - 1377*x - 2831100 = 0. List the prime factors of x.
2, 9437
Suppose 18*p - 66 = 12*p. Let i(m) = 228*m + 4. Let k be i(p). Suppose -26*u = -10*u - k. What are the prime factors of u?
157
Suppose 0 = 86*i - 976032 - 118404. What are the prime factors of i?
2, 3, 7, 101
Let f(u) = -642*u - 2838. What are the prime factors of f(-17)?
2, 3, 673
Let g = -2664 - -2818. Let x(c) = 3*c**2 - 4*c - 1. Let z be x(-4). Suppose a - z = g. What are the prime factors of a?
7, 31
Let m = 3282 + -1831. Let j = -477 + m. List the prime factors of j.
2, 487
List the prime factors of (-227766)/(-57) - 6*(-3)/171.
2, 3, 37
Suppose 2*u - 876 + 888 = 0. List the prime factors of (-5027)/u + 14/84.
2, 419
Let s(u) = 24*u**2 - 8*u + 346. What are the prime factors of s(23)?
2, 3, 2143
Suppose -4*v + 2*y + 20 + 8 = 0, -y + 49 = 5*v. Suppose 0 = -v*f + 11*f - 1102. List the prime factors of f.
19, 29
Let j(y) be the third derivative of y**5/60 - 31*y**4/24 + 37*y**3/6 + 10*y**2. Let n be j(21). Let u = -10 - n. What are the prime factors of u?
163
Suppose 3*r + 3*s = 4 + 17, -4*r = s - 31. Suppose 4*o - r*o = -24. Suppose w + 825 = o*w. What are the prime factors of w?
3, 5, 11
Suppose -4*i = -6*i - 2. Let q be 3*-1 + i - (8 + -185). Suppose 22*n - q = 21*n. What are the prime factors of n?
173
Suppose -209*z + 2800925 = -10*z. List the prime factors of z.
5, 563
List the prime factors of (-2)/(-5)*(4805 - 165).
2, 29
Suppose t = 5*w + 26, 2*t + 7*w - 11*w = 28. Suppose -4*g - 4*x - 16 = -t*g, 2*g - 2*x = 22. What are the prime factors of g?
2, 7
Let j = 527 + -93. Suppose -3*c - 5*n + j = 0, -4*n - 20 + 0 = 0. List the prime factors of c.
3, 17
Let j = -5025 - -29015. List the prime factors of j.
2, 5, 2399
Let k = 281 + -273. List the prime factors of 5/1 + 2/(k/1412).
2, 179
Let g = -218 - -185. Let j(a) = a**2 + 24*a + 9. What are the prime factors of j(g)?
2, 3, 17
Suppose -1293336 = -127*a - 137*a. What are the prime factors of a?
3, 23, 71
Let u = -142 - -142. Suppose -2*v + 2 = u, -4*l + 5*v - 556 = -5*l. What are the prime factors of l?
19, 29
Suppose 74961 = 13*n + 52895 - 142878. List the prime factors of n.
2, 13, 61
Suppose 1649 = -q + 2*i, -8895 = 4*q - 2*i - 2317. Let d = 3069 + q. List the prime factors of d.
2, 23, 31
Let x = 279 - 123. Suppose -2*q + q + 132 = y, -y + x = -5*q. Suppose 2*s - 4*s + y = 4*o, 2*o - 132 = -2*s. What are the prime factors of s?
2
Let m(v) be the first derivative of -40 + 16/3*v**3 - 10*v + 3/2*v**2. What are the prime factors of m(3)?
11, 13
Suppose -7*l + 24*l = 34. What are the prime factors of 0 - l/1 - -572?
2, 3, 5, 19
Let r(p) = 285*p**2 - 283*p**2 + 7*p**3 - p - 9*p. Let k be r(3). What are the prime factors of (-5 - (-5 - -1))/((-1)/k)?
3, 59
Suppose -2*q = -q - 120. Suppose 5*s = 3*r + 19, -4*s + 10 = 2*r + 8. Suppose 2*y + q = s*h, -2*h + 118 = -3*y + 2*y. List the prime factors of h.
2, 29
Suppose 0 = -28*f + 16582 + 120730. What are the prime factors of f?
2, 613
Let y = 203 + -187. Suppose y*a - 4818 = 5*a. List the prime factors of a.
2, 3, 73
Let r be 6/10 + (4136/40)/11. Let t(d) = 42*d + 282. List the prime factors of t(r).
2, 3, 13
Suppose -3*m - 38 = 64. Let r = -37 - m. What are the prime factors of 6/((-1)/(11/r))?
2, 11
Let a = -546 - -548. Suppose 27*p = a*p + 34075. List the prime factors of p.
29, 47
Suppose -2*i - 2*h + 63 = 15, 0 = -i + 4*h + 9. Suppose 3*j - p - 8 = -i, -5*p - 31 = j. List the prime factors of (3 + -13)*9/j.
3, 5
Let f(v) = 6*v - 74. Let q(c) = -2*c + 25. Let p(g) = 3*f(g) + 10*q(g). Let k be (-12 + 418/33)*42/4. List the prime factors of p(k).
2, 7
Let n(b) = -2 + 20*b - 1 - 3*b**2 + 18*b - 42*b. Let q be n(-2). Let l(g) = 2*g**3 + 15*g**2 - 2*g - 3. What are the prime factors of l(q)?
2, 3, 5
Suppose -2*b = -331 + 325, 0 = 2*p + b - 67847. What are the prime factors of p?
2, 7, 2423
Let w = 74 + -70. Let v(t) = t**3 - 7*t**2 - 4*t - 6. Let k be v(w). Let f = -49 - k. What are the prime factors of f?
3, 7
Suppose -17*j - 9 = -3*k - 13*j, 2*k - 5*j = 6. List the prime factors of 11484/27 + k/(-9).
5, 17
Let i(d) = -d**2 - 